e x(-6). Let v be (h/(9/6))/(-1). List the prime factors of 32/12 + v/(-6).
3
Let m be (2 - -2)*(0 - -2). Suppose -13*t = -m*t - 150. List the prime factors of t.
2, 3, 5
Let a be (-160)/(-30)*3/(-2). What are the prime factors of (-2)/(-4) - 116/a?
3, 5
What are the prime factors of (2 - (-1 + 2))*220/4?
5, 11
List the prime factors of ((-63)/(-18))/(1*(-1)/(-2)).
7
Let v = -12 + 4. Let p(h) = -3*h - 8. Let n be p(v). Suppose 5*o + n = -4*s + 40, -5*o + 35 = 5*s. List the prime factors of s.
11
Let g be -3 - (0 - (2 - -5)). Suppose 0*p + g*p = 32. List the prime factors of p.
2
Let n = 91 - 41. What are the prime factors of n?
2, 5
Let p(a) = -a**3 + 6*a**2 + 8*a - 2. Let l be p(7). Suppose 0 = -5*t + 2*r + 12 + 9, -l*t - 2*r = -29. What are the prime factors of t?
5
Let t(v) = -v + 8. Let y be t(6). List the prime factors of 0 + 1*y*6.
2, 3
Let j = -74 - -45. List the prime factors of (j - 1)/3*-1.
2, 5
Let k be (18/12)/((-3)/(-4)). Suppose -k*c + 4*c - 30 = 0. What are the prime factors of c?
3, 5
Let f(s) = 4*s + 48. List the prime factors of f(15).
2, 3
Let b be (-2)/1 + 0/7. List the prime factors of (-1)/(b*(-1)/(-46)).
23
Let m be ((-15)/(-2))/(12/(-16)). List the prime factors of 230/(-4)*8/m.
2, 23
Let t = -8 + 12. Suppose -3*z = x - 27, -x - t*z + 0*z + 31 = 0. What are the prime factors of x?
3, 5
What are the prime factors of 32 - (12/(-4))/(-3)?
31
Suppose 8 + 2 = 2*r. Let l = 10 - r. What are the prime factors of l?
5
Let m(j) = j**2 - 4*j**2 + 5*j**2 - 2 + 3*j. List the prime factors of m(2).
2, 3
Let x be (-9)/(-2)*42/(-9). Let t = x + 29. Let s(j) = j**3 - 9*j**2 + 7*j + 11. What are the prime factors of s(t)?
3
Suppose -x + 0*d = 5*d - 32, 3*d + 72 = x. What are the prime factors of x?
3, 19
Suppose -5*a + 163 + 92 = 0. Let d = 82 - a. What are the prime factors of d?
31
Let q(l) = 5*l + 41. List the prime factors of q(12).
101
Suppose 27*s = 2*s + 10450. What are the prime factors of s?
2, 11, 19
Let g(f) = -11*f + 3. What are the prime factors of g(-4)?
47
List the prime factors of 6/14 + ((-2206)/(-14) - 3).
5, 31
Let m(y) = -y**2 - 6*y. Let i be m(-5). Suppose -12 = -4*p - 4*k, i*p - 65 = 2*k + 3*k. Let w = 18 - p. What are the prime factors of w?
2, 5
Let r(k) = -117*k - 16. List the prime factors of r(-3).
5, 67
Let u = -155 - -323. What are the prime factors of u?
2, 3, 7
Let k = -6 + 12. Suppose k*y = y + 55. What are the prime factors of y?
11
Suppose -i + 0 = 4*b + 6, -i = -5*b - 21. Let j be (5/20)/((-2)/(-8)). List the prime factors of i/(-4*j/(-2)).
3
What are the prime factors of (-18)/(-7)*-6*7/(-2)?
2, 3
Let h(l) = l**3 - 3*l**2 + 2*l - 4. Let v be h(3). Suppose 0 = v*a + a - 72. Let m = a + -13. List the prime factors of m.
11
Let n be 0*(-2 + (4 - 1)). Suppose 3*z - 2*u + 48 = n, -3*z + 0*u + 5*u - 48 = 0. Let b = 24 + z. List the prime factors of b.
2
Let t(z) = -z**3 - 6*z**2 - 2*z - 2. Suppose -r = 2*h - 0*r + 14, -5*h - 22 = -4*r. What are the prime factors of t(h)?
2, 5
Let b be 1603/49 - (-2)/7. Let j = -23 + b. What are the prime factors of j?
2, 5
Suppose 4*k - 20 = -0. List the prime factors of k.
5
Suppose 4*w = 27 + 65. What are the prime factors of w?
23
Let y(z) be the third derivative of 3*z**4/8 + z**3/6 + 2*z**2. Let c be ((-24)/(-9) + -3)*-3. What are the prime factors of y(c)?
2, 5
Let f be (-3 + 0)/(36/(-96)). Suppose -f = -n + 8. What are the prime factors of n?
2
Let u(x) = -x**2 + 12*x - 19. What are the prime factors of u(9)?
2
Let s(z) = -3*z**3 + z**2 - 2*z. List the prime factors of s(-2).
2
Suppose -95*f + 96*f - 139 = 0. What are the prime factors of f?
139
Let i(r) = r**2 - r. Let u be i(-1). Suppose -u*w = w + s - 43, 3*s = -15. What are the prime factors of w?
2
Suppose 2*x + 9 = 5*x. Let o(s) = -3*s + 2*s**2 - x - 4 + 7. List the prime factors of o(4).
2, 5
Let x(a) = -a + 7. Suppose 19 = -3*k + 4. List the prime factors of x(k).
2, 3
Suppose -4*q + q + 219 = 0. What are the prime factors of q?
73
Let k(h) = h - 2. Let i be k(3). Let u(v) = v**2 + 2*v - 1. What are the prime factors of u(i)?
2
Let z = 63 + -17. Let g = z + -28. What are the prime factors of g?
2, 3
Suppose -3*y = 2*y. Suppose y = -5*s + 21 + 134. What are the prime factors of s?
31
Let j be 5 + (-3 - 1/(-1)). Suppose -9 + 51 = j*i. List the prime factors of i.
2, 7
Suppose 4 = -v - v. Let g(y) = -8*y. What are the prime factors of g(v)?
2
Suppose -339 = -17*u + 14*u. List the prime factors of u.
113
Suppose 0 = 5*h - 5*w + w - 19, -5*w = h + 2. Suppose -a - h = -2*a. What are the prime factors of a?
3
Let x(k) = k**3 + 7*k**2 - 9*k - 6. Let y be x(-8). Suppose 0 = -5*i, -g - y*g = 4*i - 66. What are the prime factors of g?
2, 11
Suppose 2*v - 71 + 11 = 0. Let a be 0/1 - (2 - 5). Suppose -2*t = a*t - v. List the prime factors of t.
2, 3
Let j(b) = 3*b**2 - b. Let r(w) = w**3 - 9*w**2 + 9*w - 7. Let p be r(8). List the prime factors of j(p).
2
List the prime factors of 21 - (1/(-2) - (-15)/(-6)).
2, 3
Suppose 0 = 3*y + 3*d - d + 39, -5*d = 2*y + 15. Let t = y + 32. What are the prime factors of t?
17
Let m = 138 + -87. Suppose -2*l - v + m = 0, 0 = l - 3*v - 2*v - 20. What are the prime factors of (-20)/l*10/(-4)?
2
Let f(q) be the third derivative of -q**5/60 - q**4/4 + q**3/3 + 3*q**2. List the prime factors of f(-5).
7
Let t(o) = 61*o + 5. What are the prime factors of t(1)?
2, 3, 11
Let v(q) = -4*q - 1. List the prime factors of v(-5).
19
Let a be 2/3*-1 - 376/(-24). Let y = 10 + 0. List the prime factors of (16/y)/(6/a).
2
Let i be 4 - (-1 - 1)/1. List the prime factors of -12*i/(-9) - 2.
2, 3
Let s(r) = r**3 + 2*r**2 + r - 2. Let t be s(-2). Let c be t/1 - (2 - 0). List the prime factors of 2*5 + 5 + c.
3
Let y(h) = -h**3 + 6*h**2 - h - 2. List the prime factors of y(5).
2, 3
Let g = -21 - -15. What are the prime factors of (0 - 81/g)*2?
3
Let n = 21 + 19. List the prime factors of n.
2, 5
Suppose 2*j - 2 = 6. Suppose 5*s + c - 16 = 0, -3*c - 2*c = j*s + 4. Let l = 12 - s. What are the prime factors of l?
2
Suppose -16 = -4*p - 0*p. Let j(w) = w**2 + w - p*w - 5*w**3 - w - 1 + 3*w. What are the prime factors of j(-1)?
2, 3
Suppose -u + f = -0*f, -3*u = -f. Let z = u - 12. Let t = 2 - z. List the prime factors of t.
2, 7
Let d = 62 - 44. Suppose -2*t + 44 = -d. List the prime factors of t.
31
Let o = 156 - 68. What are the prime factors of o?
2, 11
Suppose -6 + 2 = -2*a. Suppose 0 = u - a. What are the prime factors of u?
2
Let m be 10/25 - 36/(-10). What are the prime factors of m/(-12)*-7*3?
7
Let o(y) = -13*y - 1. Let z be o(2). Let c be (-6)/(-4)*(-72)/z. Suppose 0 = c*p - 4*x - 28, -x = -4*x + 3. List the prime factors of p.
2
Let n(s) = s**2 - 5*s + 6. Let o be n(4). What are the prime factors of 92/(-8)*o*-1?
23
Suppose 4 = -3*c + a, -3*c + 4*a = a + 6. Let g be (c - -2)/((-4)/(-8)). List the prime factors of (-1)/g + (-18)/(-4).
2
Suppose 32 + 23 = 5*j. Suppose -9 + j = c. What are the prime factors of 16 + 0 - 2/c?
3, 5
Let s = -109 - -179. List the prime factors of s.
2, 5, 7
Let q = 33 - 60. Let g = q + 61. List the prime factors of g.
2, 17
Suppose 8*i + 1512 = 14*i. List the prime factors of i.
2, 3, 7
Let f = -13 + 10. What are the prime factors of f/(27/(-24) - -1)?
2, 3
Suppose 5*b + 3 = 33. Let n be (-159)/(-9) - 4/b. Suppose 0 = -5*r + r - 3*h + 59, -2*r + h + n = 0. List the prime factors of r.
11
What are the prime factors of (-3)/(-6)*(110 - -4)?
3, 19
Let j = 5 - 2. Let y be ((-42)/(-9) - 1)*j. What are the prime factors of -2*1/(-2)*y?
11
Suppose -3*h + 34 = 2*p - h, -3*p = 2*h - 56. Let t = p - 40. What are the prime factors of ((-22)/6)/(6/t)?
11
Suppose -h - 19 = -3*f, -2*h - 2*f + 43 = -7*h. Let i(q) = 16 - 9*q + 2*q**2 - 19 + 0*q**2 - 3*q**2. What are the prime factors of i(h)?
11
Suppose 0 = 5*a - 3*a - 626. What are the prime factors of a?
313
Suppose 42 = -3*d - 150. Let p = -43 - d. List the prime factors of p.
3, 7
Let s(g) = -g**3 + 6*g**2 + 4*g + 26. List the prime factors of s(6).
2, 5
Let r be -2 - -4 - (-1 + -1). Suppose r*q - 5 = 7. What are the prime factors of q?
3
Let i = 511 - 259. List the prime factors of i.
2, 3, 7
Let p(j) = -84*j. What are the prime factors of p(-2)?
2, 3, 7
Let f be ((-7)/(-14))/(1/(-10)). Let a(c) be the third derivative of -c**6/120 -